{"id":70,"date":"2023-11-28T10:54:07","date_gmt":"2023-11-28T09:54:07","guid":{"rendered":"https:\/\/mdl-formation.fr\/?page_id=70"},"modified":"2023-11-28T10:59:55","modified_gmt":"2023-11-28T09:59:55","slug":"a-propos","status":"publish","type":"page","link":"https:\/\/mdl-formation.fr\/index.php\/a-propos\/","title":{"rendered":"A propos"},"content":{"rendered":"<div class=\"wp-block-image\">\n<figure data-wp-context=\"{&quot;imageId&quot;:&quot;69d52008f3498&quot;}\" data-wp-interactive=\"core\/image\" data-wp-key=\"69d52008f3498\" class=\"aligncenter size-medium wp-lightbox-container\"><img loading=\"lazy\" decoding=\"async\" width=\"300\" height=\"220\" data-wp-class--hide=\"state.isContentHidden\" data-wp-class--show=\"state.isContentVisible\" data-wp-init=\"callbacks.setButtonStyles\" data-wp-on--click=\"actions.showLightbox\" data-wp-on--load=\"callbacks.setButtonStyles\" data-wp-on-window--resize=\"callbacks.setButtonStyles\" src=\"https:\/\/mdl-formation.fr\/wp-content\/uploads\/2023\/11\/20230721_092810-300x220.jpg\" alt=\"\" class=\"wp-image-58\" srcset=\"https:\/\/mdl-formation.fr\/wp-content\/uploads\/2023\/11\/20230721_092810-300x220.jpg 300w, https:\/\/mdl-formation.fr\/wp-content\/uploads\/2023\/11\/20230721_092810-1024x750.jpg 1024w, https:\/\/mdl-formation.fr\/wp-content\/uploads\/2023\/11\/20230721_092810-768x562.jpg 768w, https:\/\/mdl-formation.fr\/wp-content\/uploads\/2023\/11\/20230721_092810-1536x1125.jpg 1536w, https:\/\/mdl-formation.fr\/wp-content\/uploads\/2023\/11\/20230721_092810-2048x1500.jpg 2048w, https:\/\/mdl-formation.fr\/wp-content\/uploads\/2023\/11\/20230721_092810-1568x1148.jpg 1568w\" sizes=\"auto, (max-width: 300px) 100vw, 300px\" \/><button\n\t\t\tclass=\"lightbox-trigger\"\n\t\t\ttype=\"button\"\n\t\t\taria-haspopup=\"dialog\"\n\t\t\taria-label=\"Enlarge\"\n\t\t\tdata-wp-init=\"callbacks.initTriggerButton\"\n\t\t\tdata-wp-on--click=\"actions.showLightbox\"\n\t\t\tdata-wp-style--right=\"state.imageButtonRight\"\n\t\t\tdata-wp-style--top=\"state.imageButtonTop\"\n\t\t>\n\t\t\t<svg xmlns=\"http:\/\/www.w3.org\/2000\/svg\" width=\"12\" height=\"12\" fill=\"none\" viewBox=\"0 0 12 12\">\n\t\t\t\t<path fill=\"#fff\" d=\"M2 0a2 2 0 0 0-2 2v2h1.5V2a.5.5 0 0 1 .5-.5h2V0H2Zm2 10.5H2a.5.5 0 0 1-.5-.5V8H0v2a2 2 0 0 0 2 2h2v-1.5ZM8 12v-1.5h2a.5.5 0 0 0 .5-.5V8H12v2a2 2 0 0 1-2 2H8Zm2-12a2 2 0 0 1 2 2v2h-1.5V2a.5.5 0 0 0-.5-.5H8V0h2Z\" \/>\n\t\t\t<\/svg>\n\t\t<\/button><\/figure>\n<\/div>\n\n\n<p>Formatrice avec plus de 20 ans d\u2019exp\u00e9rience, <br>aupr\u00e8s de demandeurs d\u2019emploi, b\u00e9n\u00e9ficiaires d\u2019une RQTH, d\u00e9crocheurs scolaires<br>et salari\u00e9s.<\/p>\n\n\n\n<p>Un cursus initial en psychologie avec somme sp\u00e9cialisation la psychologie du travail et la psychologie de la sant\u00e9<br>enrichi par des formations pluridisciplinaires mais compl\u00e9mentaires,<br>avec un int\u00e9r\u00eat particulier pour la psychologie positive, les neurosciences, la pens\u00e9e visuelle, les arts plastiques, les troubles de l\u2019apprentissage, la pleine conscience, la sant\u00e9,<br>pour une approche syst\u00e9mique, positive et bienveillante.<\/p>\n\n\n\n<p>Un parcours professionnel dans l\u2019insertion socio-professionnelle,<br>Associations r\u00e9gionales et d\u00e9partementales, entreprise d\u2019insertion ;<br>Orientation, reconversion professionnelle, validation de projet, coaching emploi, techniques de recherche d\u2019emploi, comp\u00e9tences cl\u00e9s, bureautique\u2026<br>En groupe et en individuel ; en pr\u00e9sentiel, en distanciel ou mixte.<\/p>\n\n\n\n<p>Une maman confront\u00e9e aux troubles de l\u2019apprentissage de ses deux gar\u00e7ons.<br>Cela m\u2019a oblig\u00e9e \u00e0 plus de cr\u00e9ativit\u00e9, de remise en question, d\u2019imagination, de bienveillance et de patience.<br>Cela m\u2019a permis d\u2019\u00e9voluer dans mon travail et dans ma fa\u00e7on de transmettre, de remettre les notions de plaisir et d\u2019\u00e9motion au centre de l\u2019apprentissage.<br>Cela m\u2019a fait r\u00e9fl\u00e9chir \u00e0 mon intervention.<\/p>\n\n\n\n<p>Je mets ma formation, mon exp\u00e9rience, ma bienveillance, mon \u00e9coute et ma cr\u00e9ativit\u00e9 au service des apprenants.<br>Je &nbsp;propose des parcours sur mesure avec des s\u00e9ances individualis\u00e9es ou en petits groupes et une p\u00e9dagogie adapt\u00e9e \u00e0 chacun.<\/p>\n","protected":false},"excerpt":{"rendered":"<p>Formatrice avec plus de 20 ans d\u2019exp\u00e9rience, aupr\u00e8s de demandeurs d\u2019emploi, b\u00e9n\u00e9ficiaires d\u2019une RQTH, d\u00e9crocheurs scolaireset salari\u00e9s. Un cursus initial en psychologie avec somme sp\u00e9cialisation la psychologie du travail et la psychologie de la sant\u00e9enrichi par des formations pluridisciplinaires mais compl\u00e9mentaires,avec un int\u00e9r\u00eat particulier pour la psychologie positive, les neurosciences, la pens\u00e9e visuelle, les arts&hellip; <a class=\"more-link\" href=\"https:\/\/mdl-formation.fr\/index.php\/a-propos\/\">Continue reading <span class=\"screen-reader-text\">A propos<\/span><\/a><\/p>\n","protected":false},"author":1,"featured_media":0,"parent":0,"menu_order":0,"comment_status":"closed","ping_status":"closed","template":"","meta":{"footnotes":""},"class_list":["post-70","page","type-page","status-publish","hentry","entry"],"_links":{"self":[{"href":"https:\/\/mdl-formation.fr\/index.php\/wp-json\/wp\/v2\/pages\/70","targetHints":{"allow":["GET"]}}],"collection":[{"href":"https:\/\/mdl-formation.fr\/index.php\/wp-json\/wp\/v2\/pages"}],"about":[{"href":"https:\/\/mdl-formation.fr\/index.php\/wp-json\/wp\/v2\/types\/page"}],"author":[{"embeddable":true,"href":"https:\/\/mdl-formation.fr\/index.php\/wp-json\/wp\/v2\/users\/1"}],"replies":[{"embeddable":true,"href":"https:\/\/mdl-formation.fr\/index.php\/wp-json\/wp\/v2\/comments?post=70"}],"version-history":[{"count":2,"href":"https:\/\/mdl-formation.fr\/index.php\/wp-json\/wp\/v2\/pages\/70\/revisions"}],"predecessor-version":[{"id":78,"href":"https:\/\/mdl-formation.fr\/index.php\/wp-json\/wp\/v2\/pages\/70\/revisions\/78"}],"wp:attachment":[{"href":"https:\/\/mdl-formation.fr\/index.php\/wp-json\/wp\/v2\/media?parent=70"}],"curies":[{"name":"wp","href":"https:\/\/api.w.org\/{rel}","templated":true}]}}